
5
What is the units digit of 137440?
0
What is the thousands digit of 234586?
4
What is the tens digit of 156368?
6
What is the hundreds digit of 5041765?
7
What is the hundred thousands digit of 9365514?
3
What is the ten thousands digit of 3397054?
9
What is the hundreds digit of 582463?
4
What is the units digit of 589021?
1
What is the units digit of 404346?
6
What is the units digit of 10440651?
1
What is the ten millions digit of 26500692?
2
What is the ten thousands digit of 827587?
2
What is the hundred thousands digit of 640315?
6
What is the ten thousands digit of 368006?
6
What is the thousands digit of 6941111?
1
What is the hundred thousands digit of 9092822?
0
What is the millions digit of 36592803?
6
What is the ten millions digit of 38379399?
3
What is the hundred thousands digit of 123927?
1
What is the millions digit of 1611807?
1
What is the tens digit of 32949122?
2
What is the units digit of 1215793?
3
What is the thousands digit of 1934571?
4
What is the ten thousands digit of 3980750?
8
What is the ten millions digit of 15096110?
1
What is the tens digit of 458644?
4
What is the ten thousands digit of 2343694?
4
What is the hundred thousands digit of 578933?
5
What is the hundred thousands digit of 7847067?
8
What is the thousands digit of 13148?
3
What is the hundreds digit of 572994?
9
What is the ten thousands digit of 205697?
0
What is the hundred thousands digit of 1505545?
5
What is the tens digit of 893337?
3
What is the hundred thousands digit of 785372?
7
What is the hundreds digit of 5373566?
5
What is the hundreds digit of 151663?
6
What is the thousands digit of 293874?
3
What is the thousands digit of 889215?
9
What is the thousands digit of 185719?
5
What is the millions digit of 8049513?
8
What is the hundreds digit of 92257?
2
What is the tens digit of 3955?
5
What is the tens digit of 745440?
4
What is the thousands digit of 554359?
4
What is the units digit of 2687639?
9
What is the tens digit of 1569965?
6
What is the hundred thousands digit of 203636?
2
What is the hundreds digit of 339415?
4
What is the hundreds digit of 754714?
7
What is the hundreds digit of 50641?
6
What is the hundreds digit of 897207?
2
What is the units digit of 218581?
1
What is the tens digit of 22548917?
1
What is the hundreds digit of 362862?
8
What is the tens digit of 2104506?
0
What is the hundred thousands digit of 2081228?
0
What is the units digit of 3914923?
3
What is the hundred thousands digit of 118250?
1
What is the tens digit of 1534972?
7
What is the units digit of 3617102?
2
What is the millions digit of 1801687?
1
What is the ten thousands digit of 35863?
3
What is the millions digit of 1009605?
1
What is the hundred thousands digit of 27023360?
0
What is the tens digit of 385315?
1
What is the hundreds digit of 3235012?
0
What is the tens digit of 20721726?
2
What is the ten millions digit of 18332552?
1
What is the hundred thousands digit of 977054?
9
What is the hundred thousands digit of 270754?
2
What is the millions digit of 8460577?
8
What is the ten thousands digit of 1256764?
5
What is the ten thousands digit of 217001?
1
What is the hundred thousands digit of 1169638?
1
What is the ten thousands digit of 464677?
6
What is the hundred thousands digit of 743724?
7
What is the units digit of 2397821?
1
What is the ten thousands digit of 4655656?
5
What is the thousands digit of 3392737?
2
What is the ten thousands digit of 449343?
4
What is the units digit of 178534?
4
What is the units digit of 621566?
6
What is the tens digit of 9217761?
6
What is the hundreds digit of 19975499?
4
What is the ten thousands digit of 1212149?
1
What is the ten thousands digit of 101840?
0
What is the thousands digit of 11005636?
5
What is the thousands digit of 155808?
5
What is the ten thousands digit of 3280874?
8
What is the ten thousands digit of 154335?
5
What is the units digit of 102862?
2
What is the hundreds digit of 271467?
4
What is the thousands digit of 37445670?
5
What is the hundred thousands digit of 1213285?
2
What is the hundreds digit of 327719?
7
What is the thousands digit of 10281035?
1
What is the ten thousands digit of 4428405?
2
What is the hundreds digit of 1661463?
4
What is the ten thousands digit of 10613883?
1
What is the units digit of 1580222?
2
What is the ten thousands digit of 1799791?
9
What is the units digit of 785286?
6
What is the units digit of 249302?
2
What is the ten millions digit of 18232409?
1
What is the units digit of 6866358?
8
What is the units digit of 209720?
0
What is the tens digit of 321478?
7
What is the units digit of 5633766?
6
What is the tens digit of 632179?
7
What is the units digit of 40257685?
5
What is the thousands digit of 37719?
7
What is the tens digit of 385767?
6
What is the ten thousands digit of 113082?
1
What is the thousands digit of 5785012?
5
What is the units digit of 1937225?
5
What is the millions digit of 3295612?
3
What is the ten thousands digit of 3832002?
3
What is the hundred thousands digit of 365145?
3
What is the units digit of 16013016?
6
What is the units digit of 1863643?
3
What is the ten thousands digit of 4367872?
6
What is the units digit of 601413?
3
What is the hundreds digit of 205026?
0
What is the thousands digit of 336124?
6
What is the tens digit of 169888?
8
What is the tens digit of 62245?
4
What is the hundred thousands digit of 1198481?
1
What is the tens digit of 17645403?
0
What is the millions digit of 11518261?
1
What is the tens digit of 275318?
1
What is the hundreds digit of 99757?
7
What is the hundred thousands digit of 164715?
1
What is the ten thousands digit of 130348?
3
What is the tens digit of 498858?
5
What is the hundreds digit of 433405?
4
What is the thousands digit of 268053?
8
What is the hundreds digit of 1491936?
9
What is the thousands digit of 2653?
2
What is the hundreds digit of 8419296?
2
What is the thousands digit of 2429921?
9
What is the units digit of 7035745?
5
What is the ten thousands digit of 284691?
8
What is the hundreds digit of 435468?
4
What is the hundreds digit of 142370?
3
What is the thousands digit of 1263783?
3
What is the hundred thousands digit of 1606452?
6
What is the ten thousands digit of 8089257?
8
What is the thousands digit of 110562?
0
What is the units digit of 436416?
6
What is the hundred thousands digit of 7004581?
0
What is the hundreds digit of 79713?
7
What is the thousands digit of 208943?
8
What is the tens digit of 16267826?
2
What is the hundreds digit of 107368?
3
What is the thousands digit of 13308898?
8
What is the thousands digit of 283103?
3
What is the ten thousands digit of 562685?
6
What is the hundred thousands digit of 1342111?
3
What is the hundreds digit of 185042?
0
What is the hundreds digit of 603848?
8
What is the tens digit of 878610?
1
What is the hundred thousands digit of 17621629?
6
What is the thousands digit of 8041424?
1
What is the millions digit of 2383538?
2
What is the thousands digit of 220070?
0
What is the units digit of 347993?
3
What is the hundreds digit of 61759?
7
What is the ten thousands digit of 228019?
2
What is the tens digit of 569101?
0
What is the units digit of 3793228?
8
What is the units digit of 222173?
3
What is the units digit of 235991?
1
What is the millions digit of 5465036?
5
What is the tens digit of 11194519?
1
What is the units digit of 4601215?
5
What is the thousands digit of 294792?
4
What is the hundreds digit of 966282?
2
What is the hundred thousands digit of 1838857?
8
What is the hundreds digit of 1473229?
2
What is the tens digit of 299934?
3
What is the hundred thousands digit of 19029781?
0
What is the hundreds digit of 751466?
4
What is the hundreds digit of 1108667?
6
What is the hundreds digit of 542730?
7
What is the ten thousands digit of 1849283?
4
What is the tens digit of 652944?
4
What is the ten thousands digit of 167090?
6
What is the thousands digit of 397227?
7
What is the ten thousands digit of 2394181?
9
What is the units digit of 805166?
6
What is the hundred thousands digit of 527254?
5
What is the hundreds digit of 3226072?
0
What is the hundreds digit of 585285?
2
What is the units digit of 920678?
8
What is the ten thousands digit of 1486742?
8
What is